 is the units digit of a(-6)?
1
Suppose -2*h - i + 8 = 0, -2*h - 2*i + 8 + 2 = 0. Let m = h - 5. What is the tens digit of m/(-3) - 34/(-3)?
1
Suppose 6*y = 3*y + 54. What is the units digit of y?
8
Let k(p) = -111*p - 22. What is the hundreds digit of k(-3)?
3
Let p(v) = -3*v**3 - 3*v**2 + 2*v - 2. What is the tens digit of p(-3)?
4
Let s(y) = 2*y - 4. Let q(f) be the first derivative of -f**2/2 + 4*f - 1. Let o(c) = -6*q(c) - 4*s(c). What is the units digit of o(-8)?
8
Suppose 5*f = g + 7 + 9, -2*g - 11 = -3*f. Let l(w) = 6*w**2 - w - 1. Let d be l(g). Let t = d + 7. What is the units digit of t?
3
Let b = 191 + -128. Suppose 3*d - 3*p = b, -5*d + 4*p - 6*p = -112. What is the tens digit of d?
2
Let l = 341 + -243. What is the tens digit of l?
9
Let p(f) = 2*f - 37. Let s(u) = -u + 1. Let w(r) = -p(r) - 3*s(r). What is the tens digit of w(0)?
3
Let i(u) be the first derivative of -u**3/3 + 7*u**2/2 + 5*u + 1. Let f be i(6). Suppose 5*t = -2*w - 2*w + 29, 3*t - 4*w = f. What is the units digit of t?
5
Let b(w) = -w + 8. Let z be b(6). Suppose z*v = -4*p - 3*v - 29, -5*p - 31 = v. What is the tens digit of p/(-30) + (-74)/(-5)?
1
Let x(h) = h**3 + 7*h**2 + 5*h + 2. Suppose 2*m - 2*k + 20 = 0, -4 = 2*m - 3*k + 5*k. What is the units digit of x(m)?
8
Let l = 0 - -7. Let o(j) be the third derivative of j**4/12 - 2*j**3/3 - 4*j**2. What is the tens digit of o(l)?
1
Let o(z) = -30*z**3 - z**2 - z - 1. What is the units digit of o(-1)?
9
Let l(b) = 7*b + 2*b**2 - b**2 - 7 + 0*b. Let o be l(-8). What is the units digit of (o - -1)*(-12)/(-3)?
8
Suppose -2*i - 728 = -5*g + 2*i, 5*g = i + 737. What is the hundreds digit of g?
1
Suppose 5 = k, 5*o - k - 135 = k. What is the tens digit of o?
2
Suppose 0*u - 3*s - 100 = -4*u, 0 = 2*u + s - 60. What is the units digit of u?
8
Suppose 2*a = 5*a - 12. Suppose -a*k + 10 = -22. What is the units digit of k?
8
Let n(w) = -w**3 + 4*w**2 - 2*w - 3. Let z be n(3). Let i be (0 - 3 - -4) + 1. What is the units digit of (1 - -8) + i + z?
1
Suppose -2*n + 31 = -23. What is the units digit of n?
7
Let o(h) = -h**3 + 5*h**2 - 3*h - 4. Let x be o(4). Suppose x = -0*j - 4*j + 20. Suppose -b = -j*b + 28. What is the units digit of b?
7
Let w(x) = 61*x - 2. What is the tens digit of w(3)?
8
Let q(x) = -x**3 + 3*x**2 - x + 1. What is the tens digit of q(-3)?
5
Suppose 0 = -6*n + 137 + 199. What is the tens digit of n?
5
Let g(t) = 2*t**3 + 0*t**3 + 14*t**2 - 3*t**3 - 4*t**2 + 12 - 8*t. What is the tens digit of g(9)?
2
Let x = 3 + 1. Let u = 14 - x. What is the units digit of u?
0
Suppose -2*z + 6*z = 1540. What is the tens digit of z?
8
Suppose 3*j = 2*u + 12, -u = 3*j - 3 - 0. Let z be (1/3)/(j/18). Suppose 5 = z*x + 2*x. What is the units digit of x?
1
Suppose -k = -2*k + 4. Suppose 5*g - k*g = 32. What is the units digit of g?
2
Suppose -2*j = 5*p - 55, -j - 5*p = -18 - 12. Suppose -x - 8 = -4*l, -x + 3*l - j = -5*x. Suppose 67 = 5*d + h, -x = 4*h - 6*h. What is the tens digit of d?
1
Let a be (-87)/((-6)/2) + -2. Let d(h) = -h**3 + 5*h**2 - 4*h. Let c be d(4). Suppose 5*z + p = -c*p + 93, 0 = z + 3*p - a. What is the units digit of z?
8
Let a(k) = -k + 10. Let m be a(8). What is the tens digit of (1*(15 - m))/1?
1
What is the tens digit of (-6)/14 + 283/7?
4
Suppose 4*l - 2*l - 406 = 0. What is the units digit of l?
3
Let p(k) = k**2 + 3*k + 132. What is the tens digit of p(0)?
3
Suppose 2*n - 9 = -5*j + 5*n, 0 = 5*j + 4*n - 23. Suppose 0*b = 5*b - l - 17, -j*b = -3*l - 15. What is the units digit of b?
3
Suppose k - 15 = f - 6*f, -4*k - 2*f = 12. What is the tens digit of 30/1*k/(-15)?
1
What is the units digit of (-2 + (-4)/(-1))/(15/120)?
6
Let c(v) = v**3 + 3*v**2 - v - 1. Let s be c(-3). Let b be -1 + s + 10/2. Suppose b*p - 3*p - 12 = 0. What is the units digit of p?
4
Let d be (-1 - -4)/(1 - 0). Let p be d/2*-1*-8. Suppose -a + p = a. What is the units digit of a?
6
Suppose 0 = -a - 2*m - 0*m - 13, -5*a + 5*m = 20. What is the tens digit of 12/42 + (-103)/a?
1
Let b(k) = -2*k**3 - 4*k**2 - k + 2. Let m be b(-2). Suppose 150 = m*n - 194. What is the units digit of n/11 + (-2)/(-11)?
8
Let b(d) = d**2 + 10*d + 7. Suppose -2*w - 10 - 6 = 0. Let g be b(w). Let s(v) = -v**3 - 10*v**2 - 12*v - 9. What is the units digit of s(g)?
8
Suppose -f = -6*f + 100. Let r = -18 + f. What is the units digit of r?
2
Let y(a) = -5*a**2 + a + 121. What is the units digit of y(0)?
1
Suppose -22 = -7*n + 20. What is the units digit of n?
6
What is the units digit of 8*(-1 + 4)/3?
8
Suppose 0 - 188 = -x. What is the tens digit of x?
8
Suppose d = 48 + 32. What is the units digit of d?
0
Suppose 0 - 10 = 5*i. Let b = -2 - i. Suppose b*g = -g + 4. What is the units digit of g?
4
Let s = 6 + -3. Suppose o + s*x - 5 = 7*x, 4*o + 4*x = 0. Let b = o + 6. What is the units digit of b?
7
Suppose -4*x - x - 5 = -5*w, -w + 5*x + 5 = 0. Let d be ((-18)/(-15))/((-2)/(-5)). Suppose -d*b - b + 68 = w. What is the units digit of b?
7
Let m = -3 + 7. Suppose 6*p = c + p + 11, 4*c - 76 = -m*p. What is the tens digit of c?
1
Let c(z) = 141*z**3 - z**2 - z + 3. What is the tens digit of c(1)?
4
Suppose -1 + 4 = -h. Let p(q) = -8*q - 1. What is the tens digit of p(h)?
2
Let k = 2 + 33. What is the tens digit of k?
3
Suppose -k + 4*k - 108 = 0. Suppose 5*c = k + 49. What is the tens digit of c?
1
Let j(z) = -z**2 - 4*z. Let k(p) = 2*p**2 + 5*p + 1. Let u(h) = 6*j(h) + 4*k(h). Let v(q) = q**2 + 6*q + 4. Let y be v(-6). What is the tens digit of u(y)?
2
Let w be ((-7)/2)/((-2)/4). Let a(v) = v**3 - 6*v**2 - 4*v - 10. What is the units digit of a(w)?
1
Let k = 5 + -3. Suppose -k*b + b = -22. What is the units digit of b?
2
Let q(c) = 4*c**2 + 8*c + 6. What is the tens digit of q(-5)?
6
Suppose -15 = r - 3*v, r - 8 = 5*v - 25. What is the units digit of (-1)/(-2 - 21/r)?
4
Let g(u) = -u**3 - 6*u**2 - 2*u + 4. Let s be 30/(-12)*(-16)/10. Let t = s - 10. What is the units digit of g(t)?
6
Let w(f) = -f**3 - 6*f**2 - f + 3. Let b be w(-6). Suppose -3*x = -6 - b. Suppose -2*l - 2*u + 18 = 0, -l + x*u = 3*l. What is the units digit of l?
5
Let u(o) = o**3 - o**2 - 8*o - 14. What is the units digit of u(7)?
4
Suppose 3*x - 2*x - 4*d = 19, 0 = 2*x + 5*d + 14. Suppose i - 52 = -l, -x*i = -4*l + 169 + 18. What is the units digit of l?
9
Suppose 45 = 3*i + 5*l, -i + l + 23 - 8 = 0. What is the units digit of i?
5
Let w = 12 + -20. Suppose 5*p = p - 44. Let h = w - p. What is the units digit of h?
3
Suppose 192 = 4*f - 264. What is the tens digit of f?
1
Suppose 4*p - j - 107 = 0, -4*p + 5*j = j - 92. Suppose -3*n + 4*o = -95, 5*o + p = 3*n - 2*n. What is the tens digit of n?
3
What is the units digit of (2/3)/((-26)/(-1287))?
3
Let n(i) = i + 5*i - 3*i + 3 + 8. What is the units digit of n(8)?
5
Let p be (-6)/5*(-10)/4. Suppose 0 = -5*s - 13 + 43. What is the units digit of 1/((s/10)/p)?
5
What is the tens digit of (-4 - -202)/1 - 3?
9
Let z = 93 + -66. Suppose 0 = 3*n - 12 - z. What is the units digit of n?
3
Let u(h) = h**2 - 6*h + 7. Let d be u(5). Suppose 2*p + 3*s + 3 = 0, -5*s - 6 = 4*p - 1. Suppose -10 = -d*k - p. What is the units digit of k?
5
Let f = 140 + -96. Let g = -65 + f. Let i = 38 + g. What is the units digit of i?
7
Suppose 5*q - 192 + 12 = 0. What is the units digit of q?
6
Let f(x) = -x**2 - 6*x + 4. Let o be f(-6). Let a = -7 + o. Let c = 5 + a. What is the units digit of c?
2
Let w(c) = -c**3 + 5*c**2 - 3*c + 1. Let q be 2 - (2 - 3 - 1). What is the units digit of w(q)?
5
Let j(q) be the second derivative of -q**4/12 - 11*q**3/6 + 10*q**2 + 4*q. What is the units digit of j(-9)?
8
Let v be (-3 + 3 + 1)*2. Suppose -10 = -q - 2*c, -4*q + 2*c = -v*c + 20. Suppose 3*l + 4*t + 6 = q, -3*t = 8 + 1. What is the units digit of l?
2
Let s(y) = -y**2 - 11*y - 9. Let w be -11 + 2/2*3. What is the tens digit of s(w)?
1
What is the tens digit of ((-4)/6)/((-6)/414)?
4
Suppose 2*n + 4 = -0. Let u(d) = -d**3 + d**2 - 3*d - 3. What is the tens digit of u(n)?
1
Let u = 8 - 5. Let c be (3/u)/(1/5). Suppose c*r - 13 - 12 = 0. What is the units digit of r?
5
Let m(o) = 9*o**2 + 4*o - 17. Suppose 16 + 10 = q. Let y(t) = -2*t**2 - t + 4. Let k(h) = q*y(h) + 6*m(h). What is the tens digit of k(3)?
1
Suppose 31 + 9 = 4*v. What is the units digit of 4 + (-4)/v*-5?
6
L